{"id":664,"date":"2025-03-21T10:43:10","date_gmt":"2025-03-21T14:43:10","guid":{"rendered":"https:\/\/teciss.com\/?page_id=664"},"modified":"2025-03-28T00:37:53","modified_gmt":"2025-03-28T04:37:53","slug":"instalaciones-electricas","status":"publish","type":"page","link":"https:\/\/teciss.com\/index.php\/instalaciones-electricas\/","title":{"rendered":"Instalaciones el\u00e9ctricas"},"content":{"rendered":"<p><\/p><p>En&nbsp;<strong>TECISS Interfaz<\/strong>, dise\u00f1amos, adaptamos e instalamos sistemas el\u00e9ctricos confiables y eficientes para hogares, edificios e industrias. Nuestro enfoque garantiza&nbsp;<strong>seguridad, cumplimiento normativo y optimizaci\u00f3n energ\u00e9tica<\/strong>&nbsp;en cada proyecto. Desde la modernizaci\u00f3n de instalaciones hasta la implementaci\u00f3n de sistemas avanzados de telecomunicaciones, redes y seguridad, ofrecemos soluciones adaptadas a tus necesidades.&nbsp;<strong>Potencia tu infraestructura con tecnolog\u00eda de vanguardia y m\u00e1xima eficiencia.<\/strong>&nbsp;<\/p><div style=\"height:100px\" aria-hidden=\"true\" class=\"wp-block-spacer\"><\/div><div class=\"wp-block-group is-layout-constrained wp-block-group-is-layout-constrained\"><h1 class=\"wp-block-heading\"><strong>Readecuaciones de Instalaciones El\u00e9ctricas<\/strong><\/h1>\n\n<p class=\"has-text-align-left\"><em>Actualiza sistemas obsoletos: evita cortocircuitos, mejora eficiencia y cumple con normativas de seguridad actuales<\/em>.<\/p>\n\n<div style=\"height:100px\" aria-hidden=\"true\" class=\"wp-block-spacer\"><\/div>\n\n<div class=\"wp-block-group is-nowrap is-layout-flex wp-container-core-group-is-layout-6c531013 wp-block-group-is-layout-flex\"><div class=\"wp-block-group is-vertical is-layout-flex wp-container-core-group-is-layout-fe9cc265 wp-block-group-is-layout-flex\"><h2 class=\"wp-block-heading\"><strong>Eliminaci\u00f3n de riesgos el\u00e9ctricos<\/strong><\/h2>\n\n<p><em>Reduzca el riesgo de sobrecalentamientos y fugas.<\/em><\/p><\/div>\n\n<div class=\"wp-block-group is-vertical is-layout-flex wp-container-core-group-is-layout-fe9cc265 wp-block-group-is-layout-flex\"><h2 class=\"wp-block-heading\"><strong><strong>Reducci\u00f3n de p\u00e9rdidas&nbsp;<\/strong><\/strong><\/h2>\n\n<p><em><em>Reduzca&nbsp;las p\u00e9rdidas energ\u00e9ticas hasta un 25%.<\/em><\/em><\/p><\/div><\/div>\n\n<figure class=\"wp-block-gallery has-nested-images columns-default is-cropped wp-block-gallery-1 is-layout-flex wp-block-gallery-is-layout-flex\"><figure class=\"wp-block-image size-full\"><img loading=\"lazy\" decoding=\"async\" width=\"583\" height=\"865\" data-id=\"684\" src=\"https:\/\/teciss.com\/wp-content\/uploads\/2025\/03\/red-electr-muy-mala.png\" alt=\"\" class=\"wp-image-684\" srcset=\"https:\/\/teciss.com\/wp-content\/uploads\/2025\/03\/red-electr-muy-mala.png 583w, https:\/\/teciss.com\/wp-content\/uploads\/2025\/03\/red-electr-muy-mala-202x300.png 202w\" sizes=\"auto, (max-width: 583px) 100vw, 583px\" \/><\/figure>\n\n<figure class=\"wp-block-image size-full\"><img loading=\"lazy\" decoding=\"async\" width=\"862\" height=\"694\" data-id=\"667\" src=\"https:\/\/teciss.com\/wp-content\/uploads\/2025\/03\/INSTALACIONES-ELE-1.png\" alt=\"\" class=\"wp-image-667\" srcset=\"https:\/\/teciss.com\/wp-content\/uploads\/2025\/03\/INSTALACIONES-ELE-1.png 862w, https:\/\/teciss.com\/wp-content\/uploads\/2025\/03\/INSTALACIONES-ELE-1-300x242.png 300w, https:\/\/teciss.com\/wp-content\/uploads\/2025\/03\/INSTALACIONES-ELE-1-768x618.png 768w, https:\/\/teciss.com\/wp-content\/uploads\/2025\/03\/INSTALACIONES-ELE-1-600x483.png 600w\" sizes=\"auto, (max-width: 862px) 100vw, 862px\" \/><\/figure><\/figure>\n\n<div style=\"height:46px\" aria-hidden=\"true\" class=\"wp-block-spacer\"><\/div>\n\n<div class=\"wp-block-buttons is-layout-flex wp-block-buttons-is-layout-flex\"><div class=\"wp-block-button\"><a class=\"wp-block-button__link wp-element-button\" href=\"https:\/\/teciss.com\/index.php\/contact\">Cont\u00e1ctenos<\/a><\/div><\/div>\n\n<div style=\"height:68px\" aria-hidden=\"true\" class=\"wp-block-spacer\"><\/div><\/div><div class=\"wp-block-group is-layout-constrained wp-block-group-is-layout-constrained\"><h1 class=\"wp-block-heading has-text-align-left\"><strong>Instalaciones El\u00e9ctricas Residenciales, Edificios e Industriales<\/strong><\/h1>\n\n<p class=\"has-text-align-left\"><em>Energ\u00eda segura y estable: desde cableado b\u00e1sico hasta subestaciones industriales. Certificaci\u00f3n NFPA 70 garantizada<\/em><\/p>\n\n<div style=\"height:100px\" aria-hidden=\"true\" class=\"wp-block-spacer\"><\/div>\n\n<div class=\"wp-block-group is-nowrap is-layout-flex wp-container-core-group-is-layout-6c531013 wp-block-group-is-layout-flex\"><div class=\"wp-block-group is-vertical is-layout-flex wp-container-core-group-is-layout-fe9cc265 wp-block-group-is-layout-flex\"><h2 class=\"wp-block-heading\"><strong><strong>Dise\u00f1os adaptados a cargas cr\u00edticas<\/strong><\/strong><\/h2><\/div>\n\n<div class=\"wp-block-group is-vertical is-layout-flex wp-container-core-group-is-layout-fe9cc265 wp-block-group-is-layout-flex\"><h2 class=\"wp-block-heading\"><strong><strong><strong>Instalaciones anti-explosi\u00f3n<\/strong><\/strong><\/strong><\/h2><\/div><\/div>\n\n<div style=\"height:35px\" aria-hidden=\"true\" class=\"wp-block-spacer\"><\/div>\n\n<figure class=\"wp-block-gallery has-nested-images columns-default is-cropped wp-block-gallery-2 is-layout-flex wp-block-gallery-is-layout-flex\"><figure class=\"wp-block-image size-full\"><img loading=\"lazy\" decoding=\"async\" width=\"1080\" height=\"889\" data-id=\"669\" src=\"https:\/\/teciss.com\/wp-content\/uploads\/2025\/03\/instalacion-elect.png\" alt=\"\" class=\"wp-image-669\" srcset=\"https:\/\/teciss.com\/wp-content\/uploads\/2025\/03\/instalacion-elect.png 1080w, https:\/\/teciss.com\/wp-content\/uploads\/2025\/03\/instalacion-elect-300x247.png 300w, https:\/\/teciss.com\/wp-content\/uploads\/2025\/03\/instalacion-elect-1024x843.png 1024w, https:\/\/teciss.com\/wp-content\/uploads\/2025\/03\/instalacion-elect-768x632.png 768w, https:\/\/teciss.com\/wp-content\/uploads\/2025\/03\/instalacion-elect-600x494.png 600w\" sizes=\"auto, (max-width: 1080px) 100vw, 1080px\" \/><\/figure>\n\n<figure class=\"wp-block-image size-full\"><img loading=\"lazy\" decoding=\"async\" width=\"858\" height=\"573\" data-id=\"670\" src=\"https:\/\/teciss.com\/wp-content\/uploads\/2025\/03\/regleta-cables.png\" alt=\"\" class=\"wp-image-670\" srcset=\"https:\/\/teciss.com\/wp-content\/uploads\/2025\/03\/regleta-cables.png 858w, https:\/\/teciss.com\/wp-content\/uploads\/2025\/03\/regleta-cables-300x200.png 300w, https:\/\/teciss.com\/wp-content\/uploads\/2025\/03\/regleta-cables-768x513.png 768w, https:\/\/teciss.com\/wp-content\/uploads\/2025\/03\/regleta-cables-600x401.png 600w\" sizes=\"auto, (max-width: 858px) 100vw, 858px\" \/><\/figure><\/figure>\n\n<div style=\"height:46px\" aria-hidden=\"true\" class=\"wp-block-spacer\"><\/div>\n\n<div class=\"wp-block-buttons is-layout-flex wp-block-buttons-is-layout-flex\"><div class=\"wp-block-button\"><a class=\"wp-block-button__link wp-element-button\" href=\"https:\/\/teciss.com\/index.php\/contact\">Cont\u00e1ctenos<\/a><\/div><\/div>\n\n<div style=\"height:68px\" aria-hidden=\"true\" class=\"wp-block-spacer\"><\/div><\/div><div class=\"wp-block-group is-layout-constrained wp-block-group-is-layout-constrained\"><h1 class=\"wp-block-heading has-text-align-left\"><strong><strong>L\u00edneas de Telecomunicaciones<\/strong><\/strong><\/h1>\n\n<p class=\"has-text-align-left\"><em><em>Conectividad sin interferencias: tendido de fibra \u00f3ptica, redes LAN\/WAN y cableado estructurado profesional.<\/em><\/em><\/p>\n\n<div style=\"height:40px\" aria-hidden=\"true\" class=\"wp-block-spacer\"><\/div>\n\n<div class=\"wp-block-group is-nowrap is-layout-flex wp-container-core-group-is-layout-6c531013 wp-block-group-is-layout-flex\"><div class=\"wp-block-group is-vertical is-layout-flex wp-container-core-group-is-layout-fe9cc265 wp-block-group-is-layout-flex\"><h2 class=\"wp-block-heading\"><strong><strong><strong>Mejora la velocidad de transmisi\u00f3n<\/strong><\/strong><\/strong><\/h2><\/div>\n\n<div class=\"wp-block-group is-vertical is-layout-flex wp-container-core-group-is-layout-fe9cc265 wp-block-group-is-layout-flex\"><h2 class=\"wp-block-heading\"><strong><strong><strong><strong>Evita el ruido electromagn\u00e9tico<\/strong><\/strong><\/strong><\/strong><\/h2><\/div><\/div>\n\n<div style=\"height:35px\" aria-hidden=\"true\" class=\"wp-block-spacer\"><\/div>\n\n<figure class=\"wp-block-gallery has-nested-images columns-default is-cropped wp-block-gallery-3 is-layout-flex wp-block-gallery-is-layout-flex\"><figure class=\"wp-block-image size-large\"><img loading=\"lazy\" decoding=\"async\" width=\"1024\" height=\"760\" data-id=\"671\" src=\"https:\/\/teciss.com\/wp-content\/uploads\/2025\/03\/telecom-1024x760.png\" alt=\"\" class=\"wp-image-671\" srcset=\"https:\/\/teciss.com\/wp-content\/uploads\/2025\/03\/telecom-1024x760.png 1024w, https:\/\/teciss.com\/wp-content\/uploads\/2025\/03\/telecom-300x223.png 300w, https:\/\/teciss.com\/wp-content\/uploads\/2025\/03\/telecom-768x570.png 768w, https:\/\/teciss.com\/wp-content\/uploads\/2025\/03\/telecom.png 1080w, https:\/\/teciss.com\/wp-content\/uploads\/2025\/03\/telecom-600x446.png 600w\" sizes=\"auto, (max-width: 1024px) 100vw, 1024px\" \/><\/figure>\n\n<figure class=\"wp-block-image size-full\"><img loading=\"lazy\" decoding=\"async\" width=\"424\" height=\"319\" data-id=\"870\" src=\"https:\/\/teciss.com\/wp-content\/uploads\/2025\/03\/telecomuni.png\" alt=\"\" class=\"wp-image-870\" srcset=\"https:\/\/teciss.com\/wp-content\/uploads\/2025\/03\/telecomuni.png 424w, https:\/\/teciss.com\/wp-content\/uploads\/2025\/03\/telecomuni-300x226.png 300w\" sizes=\"auto, (max-width: 424px) 100vw, 424px\" \/><\/figure><\/figure>\n\n<div style=\"height:46px\" aria-hidden=\"true\" class=\"wp-block-spacer\"><\/div>\n\n<div class=\"wp-block-buttons is-layout-flex wp-block-buttons-is-layout-flex\"><div class=\"wp-block-button\"><a class=\"wp-block-button__link wp-element-button\" href=\"https:\/\/teciss.com\/index.php\/contact\">Cont\u00e1ctenos<\/a><\/div><\/div>\n\n<div style=\"height:68px\" aria-hidden=\"true\" class=\"wp-block-spacer\"><\/div><\/div><div class=\"wp-block-group is-layout-constrained wp-block-group-is-layout-constrained\"><h1 class=\"wp-block-heading has-text-align-left\"><strong><strong><strong>Redes Inform\u00e1ticas<\/strong><\/strong><\/strong><\/h1>\n\n<p class=\"has-text-align-left\"><em><em><em>Infraestructura TI robusta: montaje de servidores, racks y centros de datos con redundancia energ\u00e9tica.<\/em><\/em><\/em><\/p>\n\n<div style=\"height:40px\" aria-hidden=\"true\" class=\"wp-block-spacer\"><\/div>\n\n<div class=\"wp-block-group is-nowrap is-layout-flex wp-container-core-group-is-layout-6c531013 wp-block-group-is-layout-flex\"><div class=\"wp-block-group is-vertical is-layout-flex wp-container-core-group-is-layout-fe9cc265 wp-block-group-is-layout-flex\"><h2 class=\"wp-block-heading\"><strong><strong><strong>Mejora la velocidad de transmisi\u00f3n<\/strong><\/strong><\/strong><\/h2><\/div>\n\n<div class=\"wp-block-group is-vertical is-layout-flex wp-container-core-group-is-layout-fe9cc265 wp-block-group-is-layout-flex\"><h2 class=\"wp-block-heading\"><strong><strong><strong><strong>Evita el ruido electromagn\u00e9tico<\/strong><\/strong><\/strong><\/strong><\/h2><\/div><\/div>\n\n<div style=\"height:35px\" aria-hidden=\"true\" class=\"wp-block-spacer\"><\/div>\n\n<figure class=\"wp-block-gallery has-nested-images columns-default is-cropped wp-block-gallery-4 is-layout-flex wp-block-gallery-is-layout-flex\"><figure class=\"wp-block-image size-large\"><img loading=\"lazy\" decoding=\"async\" width=\"1024\" height=\"803\" data-id=\"873\" src=\"https:\/\/teciss.com\/wp-content\/uploads\/2025\/03\/informati-2-1024x803.png\" alt=\"\" class=\"wp-image-873\" srcset=\"https:\/\/teciss.com\/wp-content\/uploads\/2025\/03\/informati-2-1024x803.png 1024w, https:\/\/teciss.com\/wp-content\/uploads\/2025\/03\/informati-2-300x235.png 300w, https:\/\/teciss.com\/wp-content\/uploads\/2025\/03\/informati-2-768x602.png 768w, https:\/\/teciss.com\/wp-content\/uploads\/2025\/03\/informati-2-600x471.png 600w, https:\/\/teciss.com\/wp-content\/uploads\/2025\/03\/informati-2.png 1080w\" sizes=\"auto, (max-width: 1024px) 100vw, 1024px\" \/><\/figure>\n\n<figure class=\"wp-block-image size-full\"><img loading=\"lazy\" decoding=\"async\" width=\"861\" height=\"574\" data-id=\"875\" src=\"https:\/\/teciss.com\/wp-content\/uploads\/2025\/03\/switch.png\" alt=\"\" class=\"wp-image-875\" srcset=\"https:\/\/teciss.com\/wp-content\/uploads\/2025\/03\/switch.png 861w, https:\/\/teciss.com\/wp-content\/uploads\/2025\/03\/switch-300x200.png 300w, https:\/\/teciss.com\/wp-content\/uploads\/2025\/03\/switch-768x512.png 768w, https:\/\/teciss.com\/wp-content\/uploads\/2025\/03\/switch-600x400.png 600w\" sizes=\"auto, (max-width: 861px) 100vw, 861px\" \/><\/figure><\/figure>\n\n<div style=\"height:46px\" aria-hidden=\"true\" class=\"wp-block-spacer\"><\/div>\n\n<div class=\"wp-block-buttons is-layout-flex wp-block-buttons-is-layout-flex\"><div class=\"wp-block-button\"><a class=\"wp-block-button__link wp-element-button\" href=\"https:\/\/teciss.com\/index.php\/contact\">Cont\u00e1ctenos<\/a><\/div><\/div>\n\n<div style=\"height:68px\" aria-hidden=\"true\" class=\"wp-block-spacer\"><\/div><\/div><div class=\"wp-block-group is-layout-constrained wp-block-group-is-layout-constrained\"><h1 class=\"wp-block-heading has-text-align-left\"><strong><strong><strong><strong>Sistemas de Alarma Contra Incendios<\/strong><\/strong><\/strong><\/strong><\/h1>\n\n<p class=\"has-text-align-left\"><em><em><em><em>Detecci\u00f3n temprana de fuego: sensores de humo, calor y mon\u00f3xido. Cumplimiento normas internacionales<\/em><\/em><\/em><\/em><\/p>\n\n<div style=\"height:40px\" aria-hidden=\"true\" class=\"wp-block-spacer\"><\/div>\n\n<div class=\"wp-block-group is-nowrap is-layout-flex wp-container-core-group-is-layout-6c531013 wp-block-group-is-layout-flex\"><div class=\"wp-block-group is-vertical is-layout-flex wp-container-core-group-is-layout-fe9cc265 wp-block-group-is-layout-flex\"><h2 class=\"wp-block-heading\"><strong><strong><strong><strong>Integraci\u00f3n con rociadores autom\u00e1ticos<\/strong><\/strong><\/strong><\/strong><\/h2><\/div>\n\n<div class=\"wp-block-group is-vertical is-layout-flex wp-container-core-group-is-layout-fe9cc265 wp-block-group-is-layout-flex\"><h2 class=\"wp-block-heading\"><strong><strong><strong><strong><strong>Alertas en tiempo real a dispositivos m\u00f3viles<\/strong><\/strong><\/strong><\/strong><\/strong><\/h2><\/div><\/div>\n\n<div style=\"height:35px\" aria-hidden=\"true\" class=\"wp-block-spacer\"><\/div>\n\n<figure class=\"wp-block-gallery has-nested-images columns-default is-cropped wp-block-gallery-5 is-layout-flex wp-block-gallery-is-layout-flex\"><figure class=\"wp-block-image size-large\"><img loading=\"lazy\" decoding=\"async\" width=\"1024\" height=\"767\" data-id=\"675\" src=\"https:\/\/teciss.com\/wp-content\/uploads\/2025\/03\/alarma-1024x767.png\" alt=\"\" class=\"wp-image-675\" srcset=\"https:\/\/teciss.com\/wp-content\/uploads\/2025\/03\/alarma-1024x767.png 1024w, https:\/\/teciss.com\/wp-content\/uploads\/2025\/03\/alarma-300x225.png 300w, https:\/\/teciss.com\/wp-content\/uploads\/2025\/03\/alarma-768x575.png 768w, https:\/\/teciss.com\/wp-content\/uploads\/2025\/03\/alarma.png 1080w\" sizes=\"auto, (max-width: 1024px) 100vw, 1024px\" \/><\/figure>\n\n<figure class=\"wp-block-image size-full\"><img loading=\"lazy\" decoding=\"async\" width=\"490\" height=\"482\" data-id=\"878\" src=\"https:\/\/teciss.com\/wp-content\/uploads\/2025\/03\/rociadores-1.png\" alt=\"\" class=\"wp-image-878\" srcset=\"https:\/\/teciss.com\/wp-content\/uploads\/2025\/03\/rociadores-1.png 490w, https:\/\/teciss.com\/wp-content\/uploads\/2025\/03\/rociadores-1-300x295.png 300w\" sizes=\"auto, (max-width: 490px) 100vw, 490px\" \/><\/figure><\/figure>\n\n<div style=\"height:46px\" aria-hidden=\"true\" class=\"wp-block-spacer\"><\/div>\n\n<div class=\"wp-block-buttons is-layout-flex wp-block-buttons-is-layout-flex\"><div class=\"wp-block-button\"><a class=\"wp-block-button__link wp-element-button\" href=\"https:\/\/teciss.com\/index.php\/contact\">Cont\u00e1ctenos<\/a><\/div><\/div>\n\n<div style=\"height:68px\" aria-hidden=\"true\" class=\"wp-block-spacer\"><\/div><\/div><div class=\"wp-block-group is-layout-constrained wp-block-group-is-layout-constrained\"><h1 class=\"wp-block-heading has-text-align-left\"><strong><strong><strong><strong><strong>Sistemas de Vigilancia y Alarma Contra Robos<\/strong><\/strong><\/strong><\/strong><\/strong><\/h1>\n\n<p class=\"has-text-align-left\"><em><em><em><em><em>Seguridad 24\/7: c\u00e1maras 4K y alarmas silenciosas con monitoreo remoto<\/em><\/em><\/em><\/em><\/em><\/p>\n\n<div style=\"height:40px\" aria-hidden=\"true\" class=\"wp-block-spacer\"><\/div>\n\n<div class=\"wp-block-group is-nowrap is-layout-flex wp-container-core-group-is-layout-6c531013 wp-block-group-is-layout-flex\"><div class=\"wp-block-group is-vertical is-layout-flex wp-container-core-group-is-layout-fe9cc265 wp-block-group-is-layout-flex\"><h2 class=\"wp-block-heading\"><strong><strong><strong><strong><strong>Reconocimiento y detecci\u00f3n de movimiento<\/strong><\/strong><\/strong><\/strong><\/strong><\/h2><\/div>\n\n<div class=\"wp-block-group is-vertical is-layout-flex wp-container-core-group-is-layout-fe9cc265 wp-block-group-is-layout-flex\"><h2 class=\"wp-block-heading\"><strong><strong><strong><strong><strong><strong>Respuesta inmediata ante intrusiones<\/strong><\/strong><\/strong><\/strong><\/strong><\/strong><\/h2><\/div><\/div>\n\n<div style=\"height:35px\" aria-hidden=\"true\" class=\"wp-block-spacer\"><\/div>\n\n<figure class=\"wp-block-gallery has-nested-images columns-default is-cropped wp-block-gallery-6 is-layout-flex wp-block-gallery-is-layout-flex\"><figure class=\"wp-block-image size-large\"><img loading=\"lazy\" decoding=\"async\" width=\"1024\" height=\"775\" data-id=\"883\" src=\"https:\/\/teciss.com\/wp-content\/uploads\/2025\/03\/camara-1-1024x775.png\" alt=\"\" class=\"wp-image-883\" srcset=\"https:\/\/teciss.com\/wp-content\/uploads\/2025\/03\/camara-1-1024x775.png 1024w, https:\/\/teciss.com\/wp-content\/uploads\/2025\/03\/camara-1-300x227.png 300w, https:\/\/teciss.com\/wp-content\/uploads\/2025\/03\/camara-1-768x581.png 768w, https:\/\/teciss.com\/wp-content\/uploads\/2025\/03\/camara-1-600x454.png 600w, https:\/\/teciss.com\/wp-content\/uploads\/2025\/03\/camara-1.png 1080w\" sizes=\"auto, (max-width: 1024px) 100vw, 1024px\" \/><\/figure>\n\n<figure class=\"wp-block-image size-full\"><img loading=\"lazy\" decoding=\"async\" width=\"579\" height=\"572\" data-id=\"885\" src=\"https:\/\/teciss.com\/wp-content\/uploads\/2025\/03\/app-camara-1.png\" alt=\"\" class=\"wp-image-885\" srcset=\"https:\/\/teciss.com\/wp-content\/uploads\/2025\/03\/app-camara-1.png 579w, https:\/\/teciss.com\/wp-content\/uploads\/2025\/03\/app-camara-1-300x296.png 300w, https:\/\/teciss.com\/wp-content\/uploads\/2025\/03\/app-camara-1-100x100.png 100w\" sizes=\"auto, (max-width: 579px) 100vw, 579px\" \/><\/figure><\/figure>\n\n<div style=\"height:46px\" aria-hidden=\"true\" class=\"wp-block-spacer\"><\/div>\n\n<div class=\"wp-block-buttons is-layout-flex wp-block-buttons-is-layout-flex\"><div class=\"wp-block-button\"><a class=\"wp-block-button__link wp-element-button\" href=\"https:\/\/teciss.com\/index.php\/contact\">Cont\u00e1ctenos<\/a><\/div><\/div>\n\n<div style=\"height:68px\" aria-hidden=\"true\" class=\"wp-block-spacer\"><\/div><\/div><p><\/p>","protected":false},"excerpt":{"rendered":"<p>En&nbsp;TECISS Interfaz, dise\u00f1amos, adaptamos e instalamos sistemas el\u00e9ctricos confiables y eficientes para hogares, edificios e industrias. Nuestro enfoque garantiza&nbsp;seguridad, cumplimiento normativo y optimizaci\u00f3n energ\u00e9tica&nbsp;en cada proyecto. Desde la modernizaci\u00f3n de instalaciones hasta la implementaci\u00f3n de sistemas avanzados de telecomunicaciones, redes y seguridad, ofrecemos soluciones adaptadas a tus necesidades.&nbsp;Potencia tu infraestructura con tecnolog\u00eda de vanguardia y [&hellip;]<\/p>\n","protected":false},"author":1,"featured_media":0,"parent":0,"menu_order":0,"comment_status":"closed","ping_status":"closed","template":"","meta":{"_regular_price":[],"currency_symbol":[],"footnotes":""},"class_list":["post-664","page","type-page","status-publish","hentry"],"post_slider_layout_featured_media_urls":{"thumbnail":"","post_slider_layout_landscape_large":"","post_slider_layout_portrait_large":"","post_slider_layout_square_large":"","post_slider_layout_landscape":"","post_slider_layout_portrait":"","post_slider_layout_square":"","full":""},"_links":{"self":[{"href":"https:\/\/teciss.com\/index.php\/wp-json\/wp\/v2\/pages\/664","targetHints":{"allow":["GET"]}}],"collection":[{"href":"https:\/\/teciss.com\/index.php\/wp-json\/wp\/v2\/pages"}],"about":[{"href":"https:\/\/teciss.com\/index.php\/wp-json\/wp\/v2\/types\/page"}],"author":[{"embeddable":true,"href":"https:\/\/teciss.com\/index.php\/wp-json\/wp\/v2\/users\/1"}],"replies":[{"embeddable":true,"href":"https:\/\/teciss.com\/index.php\/wp-json\/wp\/v2\/comments?post=664"}],"version-history":[{"count":19,"href":"https:\/\/teciss.com\/index.php\/wp-json\/wp\/v2\/pages\/664\/revisions"}],"predecessor-version":[{"id":888,"href":"https:\/\/teciss.com\/index.php\/wp-json\/wp\/v2\/pages\/664\/revisions\/888"}],"wp:attachment":[{"href":"https:\/\/teciss.com\/index.php\/wp-json\/wp\/v2\/media?parent=664"}],"curies":[{"name":"wp","href":"https:\/\/api.w.org\/{rel}","templated":true}]}}