{"id":646,"date":"2025-03-10T22:17:48","date_gmt":"2025-03-11T02:17:48","guid":{"rendered":"https:\/\/teciss.com\/?page_id=646"},"modified":"2025-04-09T11:09:09","modified_gmt":"2025-04-09T15:09:09","slug":"eficiencia-energetica","status":"publish","type":"page","link":"https:\/\/teciss.com\/index.php\/eficiencia-energetica\/","title":{"rendered":"Eficiencia energ\u00e9tica\u00a0"},"content":{"rendered":"<p>En&nbsp;<strong>TECISS Interfaz<\/strong>, optimizamos el consumo de energ\u00eda para que tu empresa, industria o negocio sea m\u00e1s eficiente, rentable y sostenible. Nuestras soluciones en&nbsp;<strong>eficiencia energ\u00e9tica<\/strong>&nbsp;te ayudan a reducir costos operativos, minimizar el desperdicio y mejorar el rendimiento de tus instalaciones. Desde auditor\u00edas energ\u00e9ticas hasta sistemas avanzados de monitoreo y gesti\u00f3n, implementamos tecnolog\u00edas innovadoras que maximizan el uso inteligente de la energ\u00eda.&nbsp;<strong>Convierte la eficiencia en un aliado estrat\u00e9gico y da el siguiente paso hacia un futuro m\u00e1s sostenible.<\/strong>&nbsp;<\/p><div style=\"height:100px\" aria-hidden=\"true\" class=\"wp-block-spacer\"><\/div><div class=\"wp-block-group is-layout-constrained wp-block-group-is-layout-constrained\"><h1 class=\"wp-block-heading\"><strong>Auditor\u00eda energ\u00e9tica<\/strong><\/h1>\n\n<p><em>Analizamos el consumo energ\u00e9tico de tu empresa o instalaci\u00f3n para identificar oportunidades de ahorro y eficiencia.&nbsp;\u00abDescubre oportunidades ocultas: analizamos tu consumo y te mostramos c\u00f3mo ahorrar hasta un 30% en energ\u00eda. \u00a1Tu bolsillo lo agradecer\u00e1!\u00bb<\/em><\/p>\n\n<div style=\"height:21px\" aria-hidden=\"true\" class=\"wp-block-spacer\"><\/div>\n\n<div class=\"wp-block-group is-nowrap is-layout-flex wp-container-core-group-is-layout-6c531013 wp-block-group-is-layout-flex\"><div class=\"wp-block-columns is-layout-flex wp-container-core-columns-is-layout-28f84493 wp-block-columns-is-layout-flex\"><div class=\"wp-block-column is-layout-flow wp-block-column-is-layout-flow\"><div class=\"wp-block-group is-vertical is-layout-flex wp-container-core-group-is-layout-fe9cc265 wp-block-group-is-layout-flex\"><h2 class=\"wp-block-heading\"><strong>Reducci\u00f3n de costos<\/strong><\/h2>\n\n<p><em>Elimina consumos fantasma en equipos o horarios inactivos.<\/em><\/p><\/div><\/div>\n\n<div class=\"wp-block-column is-layout-flow wp-block-column-is-layout-flow\"><div class=\"wp-block-group is-vertical is-layout-flex wp-container-core-group-is-layout-fe9cc265 wp-block-group-is-layout-flex\"><h2 class=\"wp-block-heading\"><strong><strong>Optimizaci\u00f3n garantizada<\/strong><\/strong><\/h2>\n\n<p><em>Prioriza acciones para modernizar instalaciones obsoletas.&nbsp;<\/em><\/p><\/div><\/div><\/div><\/div>\n\n<figure class=\"wp-block-gallery has-nested-images columns-default is-cropped wp-block-gallery-1 is-layout-flex wp-block-gallery-is-layout-flex\"><figure class=\"wp-block-image size-large\"><img loading=\"lazy\" decoding=\"async\" width=\"996\" height=\"1024\" data-id=\"649\" src=\"https:\/\/teciss.com\/wp-content\/uploads\/2025\/03\/medicion-996x1024.jpg\" alt=\"\" class=\"wp-image-649\" srcset=\"https:\/\/teciss.com\/wp-content\/uploads\/2025\/03\/medicion-996x1024.jpg 996w, https:\/\/teciss.com\/wp-content\/uploads\/2025\/03\/medicion-292x300.jpg 292w, https:\/\/teciss.com\/wp-content\/uploads\/2025\/03\/medicion-768x789.jpg 768w, https:\/\/teciss.com\/wp-content\/uploads\/2025\/03\/medicion-600x617.jpg 600w, https:\/\/teciss.com\/wp-content\/uploads\/2025\/03\/medicion.jpg 1037w\" sizes=\"auto, (max-width: 996px) 100vw, 996px\" \/><\/figure>\n\n<figure class=\"wp-block-image size-full\"><img loading=\"lazy\" decoding=\"async\" width=\"917\" height=\"699\" data-id=\"834\" src=\"https:\/\/teciss.com\/wp-content\/uploads\/2025\/03\/diagnost-1.png\" alt=\"\" class=\"wp-image-834\" srcset=\"https:\/\/teciss.com\/wp-content\/uploads\/2025\/03\/diagnost-1.png 917w, https:\/\/teciss.com\/wp-content\/uploads\/2025\/03\/diagnost-1-300x229.png 300w, https:\/\/teciss.com\/wp-content\/uploads\/2025\/03\/diagnost-1-768x585.png 768w, https:\/\/teciss.com\/wp-content\/uploads\/2025\/03\/diagnost-1-600x457.png 600w\" sizes=\"auto, (max-width: 917px) 100vw, 917px\" \/><\/figure><\/figure>\n\n<div style=\"height:68px\" aria-hidden=\"true\" class=\"wp-block-spacer\"><\/div>\n\n<div class=\"wp-block-buttons is-layout-flex wp-block-buttons-is-layout-flex\"><div class=\"wp-block-button\"><a class=\"wp-block-button__link wp-element-button\">Cont\u00e1ctenos<\/a><\/div><\/div>\n\n<div style=\"height:68px\" aria-hidden=\"true\" class=\"wp-block-spacer\"><\/div><\/div><div class=\"wp-block-group is-layout-constrained wp-block-group-is-layout-constrained\"><h1 class=\"wp-block-heading has-text-align-left\">Sistemas de supervisi\u00f3n y monitoreo de energ\u00eda<\/h1>\n\n<p class=\"has-text-align-left\"><em>Implementamos herramientas avanzadas para el control y gesti\u00f3n en tiempo real del consumo energ\u00e9tico. Controla cada kWh en tiempo real: decisiones inteligentes, cero derroches.<\/em><\/p>\n\n<div style=\"height:21px\" aria-hidden=\"true\" class=\"wp-block-spacer\"><\/div>\n\n<div class=\"wp-block-group is-nowrap is-layout-flex wp-container-core-group-is-layout-6c531013 wp-block-group-is-layout-flex\"><div class=\"wp-block-columns is-layout-flex wp-container-core-columns-is-layout-28f84493 wp-block-columns-is-layout-flex\"><div class=\"wp-block-column is-layout-flow wp-block-column-is-layout-flow\"><div class=\"wp-block-group is-vertical is-layout-flex wp-container-core-group-is-layout-fe9cc265 wp-block-group-is-layout-flex\"><h2 class=\"wp-block-heading\"><strong><strong>Alertas autom\u00e1ticas<\/strong><\/strong><\/h2>\n\n<p><em><em>Detecta sobrecargas o picos de consumo al instante.<\/em><\/em><\/p><\/div><\/div>\n\n<div class=\"wp-block-column is-layout-flow wp-block-column-is-layout-flow\"><div class=\"wp-block-group is-vertical is-layout-flex wp-container-core-group-is-layout-fe9cc265 wp-block-group-is-layout-flex\"><h2 class=\"wp-block-heading\"><strong><strong><strong>Mejora la distribuci\u00f3n de energ\u00eda en procesos industriales<\/strong><\/strong><\/strong><\/h2>\n\n<p><em><em>Optimiza recursos y elimina el gasto o electricidad con tecnolog\u00edas dise\u00f1adas para uso residencial, comercial e industrial<\/em>.<\/em><\/p><\/div><\/div><\/div><\/div>\n\n<div class=\"wp-block-group is-nowrap is-layout-flex wp-container-core-group-is-layout-6c531013 wp-block-group-is-layout-flex\"><div class=\"wp-block-columns is-layout-flex wp-container-core-columns-is-layout-28f84493 wp-block-columns-is-layout-flex\"><div class=\"wp-block-column is-layout-flow wp-block-column-is-layout-flow\"><div class=\"wp-block-group is-vertical is-layout-flex wp-container-core-group-is-layout-fe9cc265 wp-block-group-is-layout-flex\"><h2 class=\"wp-block-heading\"><strong><strong><strong>Visualizaci\u00f3n de datos<\/strong><\/strong><\/strong><\/h2>\n\n<p><em><em><em>Visualiza tendencias y compara periodos en segundos.<\/em><\/em><\/em><\/p><\/div><\/div>\n\n<div class=\"wp-block-column is-layout-flow wp-block-column-is-layout-flow\"><div class=\"wp-block-group is-vertical is-layout-flex wp-container-core-group-is-layout-fe9cc265 wp-block-group-is-layout-flex\"><h2 class=\"wp-block-heading\"><\/h2>\n\n<p><\/p><\/div><\/div><\/div><\/div>\n\n<figure class=\"wp-block-gallery has-nested-images columns-default is-cropped wp-block-gallery-2 is-layout-flex wp-block-gallery-is-layout-flex\"><figure class=\"wp-block-image size-full\"><img loading=\"lazy\" decoding=\"async\" width=\"851\" height=\"734\" data-id=\"650\" src=\"https:\/\/teciss.com\/wp-content\/uploads\/2025\/03\/audito.png\" alt=\"\" class=\"wp-image-650\" srcset=\"https:\/\/teciss.com\/wp-content\/uploads\/2025\/03\/audito.png 851w, https:\/\/teciss.com\/wp-content\/uploads\/2025\/03\/audito-300x259.png 300w, https:\/\/teciss.com\/wp-content\/uploads\/2025\/03\/audito-768x662.png 768w, https:\/\/teciss.com\/wp-content\/uploads\/2025\/03\/audito-600x518.png 600w\" sizes=\"auto, (max-width: 851px) 100vw, 851px\" \/><\/figure>\n\n<figure class=\"wp-block-image size-full\"><img loading=\"lazy\" decoding=\"async\" width=\"803\" height=\"601\" data-id=\"837\" src=\"https:\/\/teciss.com\/wp-content\/uploads\/2025\/03\/monitoreo-1.png\" alt=\"\" class=\"wp-image-837\" srcset=\"https:\/\/teciss.com\/wp-content\/uploads\/2025\/03\/monitoreo-1.png 803w, https:\/\/teciss.com\/wp-content\/uploads\/2025\/03\/monitoreo-1-300x225.png 300w, https:\/\/teciss.com\/wp-content\/uploads\/2025\/03\/monitoreo-1-768x575.png 768w, https:\/\/teciss.com\/wp-content\/uploads\/2025\/03\/monitoreo-1-600x449.png 600w\" sizes=\"auto, (max-width: 803px) 100vw, 803px\" \/><\/figure><\/figure>\n\n<div style=\"height:68px\" aria-hidden=\"true\" class=\"wp-block-spacer\"><\/div>\n\n<div class=\"wp-block-buttons is-layout-flex wp-block-buttons-is-layout-flex\"><div class=\"wp-block-button\"><a class=\"wp-block-button__link wp-element-button\">Cont\u00e1ctenos<\/a><\/div><\/div>\n\n<div style=\"height:68px\" aria-hidden=\"true\" class=\"wp-block-spacer\"><\/div><\/div><div class=\"wp-block-group is-layout-constrained wp-block-group-is-layout-constrained\"><h1 class=\"wp-block-heading has-text-align-left\">Sistema de gesti\u00f3n total y eficiente de la energ\u00eda en la industria y los servicios<\/h1>\n\n<p class=\"has-text-align-left\"><em><em>Automatizamos y optimizamos los sistemas energ\u00e9ticos para maximizar la eficiencia y minimizar desperdicios.&nbsp;&nbsp;Energ\u00eda que se ajusta a tus procesos, no al rev\u00e9s.<\/em><\/em><\/p>\n\n<div style=\"height:21px\" aria-hidden=\"true\" class=\"wp-block-spacer\"><\/div>\n\n<div class=\"wp-block-group is-nowrap is-layout-flex wp-container-core-group-is-layout-6c531013 wp-block-group-is-layout-flex\"><div class=\"wp-block-columns is-layout-flex wp-container-core-columns-is-layout-28f84493 wp-block-columns-is-layout-flex\"><div class=\"wp-block-column is-layout-flow wp-block-column-is-layout-flow\"><div class=\"wp-block-group is-vertical is-layout-flex wp-container-core-group-is-layout-fe9cc265 wp-block-group-is-layout-flex\"><h2 class=\"wp-block-heading\"><strong><strong><strong>Reducci\u00f3n de costos operativos<\/strong><\/strong><\/strong><\/h2>\n\n<p><em><em><em>Hasta un 25% menos en facturas mensuales.<\/em><\/em><\/em><\/p><\/div><\/div>\n\n<div class=\"wp-block-column is-layout-flow wp-block-column-is-layout-flow\"><div class=\"wp-block-group is-vertical is-layout-flex wp-container-core-group-is-layout-fe9cc265 wp-block-group-is-layout-flex\"><h2 class=\"wp-block-heading\"><strong><strong><strong><strong>Mantenimiento predictivo<\/strong><\/strong><\/strong><\/strong><\/h2>\n\n<p><em><em><em>Alarga la vida \u00fatil de equipos cr\u00edticos.<\/em><\/em><\/em><\/p><\/div><\/div><\/div><\/div>\n\n<figure class=\"wp-block-gallery has-nested-images columns-default is-cropped wp-block-gallery-3 is-layout-flex wp-block-gallery-is-layout-flex\"><figure class=\"wp-block-image size-full\"><img loading=\"lazy\" decoding=\"async\" width=\"572\" height=\"567\" data-id=\"844\" src=\"https:\/\/teciss.com\/wp-content\/uploads\/2025\/03\/financiam.png\" alt=\"\" class=\"wp-image-844\" srcset=\"https:\/\/teciss.com\/wp-content\/uploads\/2025\/03\/financiam.png 572w, https:\/\/teciss.com\/wp-content\/uploads\/2025\/03\/financiam-300x297.png 300w, https:\/\/teciss.com\/wp-content\/uploads\/2025\/03\/financiam-150x150.png 150w, https:\/\/teciss.com\/wp-content\/uploads\/2025\/03\/financiam-100x100.png 100w\" sizes=\"auto, (max-width: 572px) 100vw, 572px\" \/><\/figure>\n\n<figure class=\"wp-block-image size-full\"><img loading=\"lazy\" decoding=\"async\" width=\"573\" height=\"569\" data-id=\"845\" src=\"https:\/\/teciss.com\/wp-content\/uploads\/2025\/03\/manten.png\" alt=\"\" class=\"wp-image-845\" srcset=\"https:\/\/teciss.com\/wp-content\/uploads\/2025\/03\/manten.png 573w, https:\/\/teciss.com\/wp-content\/uploads\/2025\/03\/manten-300x298.png 300w, https:\/\/teciss.com\/wp-content\/uploads\/2025\/03\/manten-150x150.png 150w, https:\/\/teciss.com\/wp-content\/uploads\/2025\/03\/manten-100x100.png 100w\" sizes=\"auto, (max-width: 573px) 100vw, 573px\" \/><\/figure><\/figure>\n\n<div style=\"height:68px\" aria-hidden=\"true\" class=\"wp-block-spacer\"><\/div>\n\n<div class=\"wp-block-buttons is-layout-flex wp-block-buttons-is-layout-flex\"><div class=\"wp-block-button\"><a class=\"wp-block-button__link wp-element-button\">Cont\u00e1ctenos<\/a><\/div><\/div>\n\n<div style=\"height:68px\" aria-hidden=\"true\" class=\"wp-block-spacer\"><\/div><\/div><div class=\"wp-block-group is-layout-constrained wp-block-group-is-layout-constrained\"><h1 class=\"wp-block-heading has-text-align-left\">Diagn\u00f3stico energ\u00e9tico de instalaciones, equipos y sistemas<\/h1>\n\n<p class=\"has-text-align-left\"><em>Realizamos estudios detallados para mejorar el rendimiento y reducir el consumo energ\u00e9tico en equipos y sistemas industriales.<\/em><\/p>\n\n<div style=\"height:21px\" aria-hidden=\"true\" class=\"wp-block-spacer\"><\/div>\n\n<div class=\"wp-block-group is-nowrap is-layout-flex wp-container-core-group-is-layout-6c531013 wp-block-group-is-layout-flex\"><div class=\"wp-block-columns is-layout-flex wp-container-core-columns-is-layout-28f84493 wp-block-columns-is-layout-flex\"><div class=\"wp-block-column is-layout-flow wp-block-column-is-layout-flow\"><div class=\"wp-block-group is-vertical is-layout-flex wp-container-core-group-is-layout-fe9cc265 wp-block-group-is-layout-flex\"><h2 class=\"wp-block-heading\"><strong><strong><strong>Identifica equipos con alto consumo<\/strong><\/strong><\/strong><\/h2><\/div><\/div>\n\n<div class=\"wp-block-column is-layout-flow wp-block-column-is-layout-flow\"><div class=\"wp-block-group is-vertical is-layout-flex wp-container-core-group-is-layout-fe9cc265 wp-block-group-is-layout-flex\"><h2 class=\"wp-block-heading\"><strong><strong><strong><strong>Detecta p\u00e9rdidas de energ\u00eda<\/strong><\/strong><\/strong><\/strong><\/h2><\/div><\/div><\/div><\/div>\n\n<div class=\"wp-block-group is-nowrap is-layout-flex wp-container-core-group-is-layout-6c531013 wp-block-group-is-layout-flex\"><div class=\"wp-block-group is-vertical is-layout-flex wp-container-core-group-is-layout-fe9cc265 wp-block-group-is-layout-flex\"><h2 class=\"wp-block-heading\"><strong><strong><strong><strong>Mejora la seguridad energ\u00e9tica<\/strong><\/strong><\/strong><\/strong><\/h2><\/div>\n\n<div class=\"wp-block-group is-vertical is-layout-flex wp-container-core-group-is-layout-fe9cc265 wp-block-group-is-layout-flex\"><h2 class=\"wp-block-heading\"><\/h2>\n\n<p><\/p><\/div><\/div>\n\n<figure class=\"wp-block-gallery has-nested-images columns-default is-cropped wp-block-gallery-4 is-layout-flex wp-block-gallery-is-layout-flex\"><figure class=\"wp-block-image size-full\"><img loading=\"lazy\" decoding=\"async\" width=\"864\" height=\"576\" data-id=\"849\" src=\"https:\/\/teciss.com\/wp-content\/uploads\/2025\/03\/detec-perd.png\" alt=\"\" class=\"wp-image-849\" srcset=\"https:\/\/teciss.com\/wp-content\/uploads\/2025\/03\/detec-perd.png 864w, https:\/\/teciss.com\/wp-content\/uploads\/2025\/03\/detec-perd-300x200.png 300w, https:\/\/teciss.com\/wp-content\/uploads\/2025\/03\/detec-perd-768x512.png 768w, https:\/\/teciss.com\/wp-content\/uploads\/2025\/03\/detec-perd-600x400.png 600w\" sizes=\"auto, (max-width: 864px) 100vw, 864px\" \/><\/figure>\n\n<figure class=\"wp-block-image size-full\"><img loading=\"lazy\" decoding=\"async\" width=\"900\" height=\"644\" data-id=\"851\" src=\"https:\/\/teciss.com\/wp-content\/uploads\/2025\/03\/alto-con.png\" alt=\"\" class=\"wp-image-851\" srcset=\"https:\/\/teciss.com\/wp-content\/uploads\/2025\/03\/alto-con.png 900w, https:\/\/teciss.com\/wp-content\/uploads\/2025\/03\/alto-con-300x215.png 300w, https:\/\/teciss.com\/wp-content\/uploads\/2025\/03\/alto-con-768x550.png 768w, https:\/\/teciss.com\/wp-content\/uploads\/2025\/03\/alto-con-600x429.png 600w\" sizes=\"auto, (max-width: 900px) 100vw, 900px\" \/><\/figure><\/figure>\n\n<div style=\"height:68px\" aria-hidden=\"true\" class=\"wp-block-spacer\"><\/div>\n\n<div class=\"wp-block-buttons is-layout-flex wp-block-buttons-is-layout-flex\"><div class=\"wp-block-button\"><a class=\"wp-block-button__link wp-element-button\">Cont\u00e1ctenos<\/a><\/div><\/div>\n\n<div style=\"height:68px\" aria-hidden=\"true\" class=\"wp-block-spacer\"><\/div><\/div><div class=\"wp-block-group is-layout-constrained wp-block-group-is-layout-constrained\"><h1 class=\"wp-block-heading has-text-align-left\">Diagn\u00f3stico para la implementaci\u00f3n de la Norma ISO 500001<\/h1>\n\n<p class=\"has-text-align-left\"><em>Evaluamos tu instalaci\u00f3n y procesos para la certificaci\u00f3n ISO 50001, garantizando est\u00e1ndares de eficiencia energ\u00e9tica.<\/em><\/p>\n\n<div style=\"height:21px\" aria-hidden=\"true\" class=\"wp-block-spacer\"><\/div>\n\n<div class=\"wp-block-group is-nowrap is-layout-flex wp-container-core-group-is-layout-6c531013 wp-block-group-is-layout-flex\"><div class=\"wp-block-columns is-layout-flex wp-container-core-columns-is-layout-28f84493 wp-block-columns-is-layout-flex\"><div class=\"wp-block-column is-layout-flow wp-block-column-is-layout-flow\"><div class=\"wp-block-group is-vertical is-layout-flex wp-container-core-group-is-layout-fe9cc265 wp-block-group-is-layout-flex\"><h2 class=\"wp-block-heading\"><strong><strong><strong>Facilita la certificaci\u00f3n ISO 50001<\/strong><\/strong><\/strong><\/h2>\n\n<p><\/p><\/div><\/div>\n\n<div class=\"wp-block-column is-layout-flow wp-block-column-is-layout-flow\"><div class=\"wp-block-group is-vertical is-layout-flex wp-container-core-group-is-layout-fe9cc265 wp-block-group-is-layout-flex\"><h2 class=\"wp-block-heading\"><strong><strong><strong><strong>Detecta ineficiencias en los procesos<\/strong><\/strong><\/strong><\/strong><\/h2>\n\n<p><\/p><\/div><\/div><\/div><\/div>\n\n<div class=\"wp-block-group is-nowrap is-layout-flex wp-container-core-group-is-layout-6c531013 wp-block-group-is-layout-flex\"><div class=\"wp-block-group is-vertical is-layout-flex wp-container-core-group-is-layout-fe9cc265 wp-block-group-is-layout-flex\"><h2 class=\"wp-block-heading\"><strong><strong><strong><strong>Mejora la imagen de la empresa<\/strong><\/strong><\/strong><\/strong><\/h2><\/div>\n\n<div class=\"wp-block-group is-vertical is-layout-flex wp-container-core-group-is-layout-fe9cc265 wp-block-group-is-layout-flex\"><h2 class=\"wp-block-heading\"><\/h2>\n\n<p><\/p><\/div><\/div>\n\n<figure class=\"wp-block-gallery has-nested-images columns-default is-cropped wp-block-gallery-5 is-layout-flex wp-block-gallery-is-layout-flex\"><figure class=\"wp-block-image size-full\"><img loading=\"lazy\" decoding=\"async\" width=\"486\" height=\"484\" data-id=\"856\" src=\"https:\/\/teciss.com\/wp-content\/uploads\/2025\/03\/fa.png\" alt=\"\" class=\"wp-image-856\" srcset=\"https:\/\/teciss.com\/wp-content\/uploads\/2025\/03\/fa.png 486w, https:\/\/teciss.com\/wp-content\/uploads\/2025\/03\/fa-300x300.png 300w, https:\/\/teciss.com\/wp-content\/uploads\/2025\/03\/fa-150x150.png 150w, https:\/\/teciss.com\/wp-content\/uploads\/2025\/03\/fa-100x100.png 100w\" sizes=\"auto, (max-width: 486px) 100vw, 486px\" \/><\/figure>\n\n<figure class=\"wp-block-image size-full\"><img loading=\"lazy\" decoding=\"async\" width=\"1022\" height=\"791\" data-id=\"855\" src=\"https:\/\/teciss.com\/wp-content\/uploads\/2025\/03\/iso2.png\" alt=\"\" class=\"wp-image-855\" srcset=\"https:\/\/teciss.com\/wp-content\/uploads\/2025\/03\/iso2.png 1022w, https:\/\/teciss.com\/wp-content\/uploads\/2025\/03\/iso2-300x232.png 300w, https:\/\/teciss.com\/wp-content\/uploads\/2025\/03\/iso2-768x594.png 768w, https:\/\/teciss.com\/wp-content\/uploads\/2025\/03\/iso2-600x464.png 600w\" sizes=\"auto, (max-width: 1022px) 100vw, 1022px\" \/><\/figure><\/figure>\n\n<div style=\"height:68px\" aria-hidden=\"true\" class=\"wp-block-spacer\"><\/div>\n\n<div class=\"wp-block-buttons is-layout-flex wp-block-buttons-is-layout-flex\"><div class=\"wp-block-button\"><a class=\"wp-block-button__link wp-element-button\">Cont\u00e1ctenos<\/a><\/div><\/div>\n\n<div style=\"height:68px\" aria-hidden=\"true\" class=\"wp-block-spacer\"><\/div><\/div><p><\/p>","protected":false},"excerpt":{"rendered":"<p>En&nbsp;TECISS Interfaz, optimizamos el consumo de energ\u00eda para que tu empresa, industria o negocio sea m\u00e1s eficiente, rentable y sostenible. Nuestras soluciones en&nbsp;eficiencia energ\u00e9tica&nbsp;te ayudan a reducir costos operativos, minimizar el desperdicio y mejorar el rendimiento de tus instalaciones. Desde auditor\u00edas energ\u00e9ticas hasta sistemas avanzados de monitoreo y gesti\u00f3n, implementamos tecnolog\u00edas innovadoras que maximizan el [&hellip;]<\/p>\n","protected":false},"author":1,"featured_media":0,"parent":0,"menu_order":0,"comment_status":"closed","ping_status":"closed","template":"","meta":{"_regular_price":[],"currency_symbol":[],"footnotes":""},"class_list":["post-646","page","type-page","status-publish","hentry"],"post_slider_layout_featured_media_urls":{"thumbnail":"","post_slider_layout_landscape_large":"","post_slider_layout_portrait_large":"","post_slider_layout_square_large":"","post_slider_layout_landscape":"","post_slider_layout_portrait":"","post_slider_layout_square":"","full":""},"_links":{"self":[{"href":"https:\/\/teciss.com\/index.php\/wp-json\/wp\/v2\/pages\/646","targetHints":{"allow":["GET"]}}],"collection":[{"href":"https:\/\/teciss.com\/index.php\/wp-json\/wp\/v2\/pages"}],"about":[{"href":"https:\/\/teciss.com\/index.php\/wp-json\/wp\/v2\/types\/page"}],"author":[{"embeddable":true,"href":"https:\/\/teciss.com\/index.php\/wp-json\/wp\/v2\/users\/1"}],"replies":[{"embeddable":true,"href":"https:\/\/teciss.com\/index.php\/wp-json\/wp\/v2\/comments?post=646"}],"version-history":[{"count":21,"href":"https:\/\/teciss.com\/index.php\/wp-json\/wp\/v2\/pages\/646\/revisions"}],"predecessor-version":[{"id":933,"href":"https:\/\/teciss.com\/index.php\/wp-json\/wp\/v2\/pages\/646\/revisions\/933"}],"wp:attachment":[{"href":"https:\/\/teciss.com\/index.php\/wp-json\/wp\/v2\/media?parent=646"}],"curies":[{"name":"wp","href":"https:\/\/api.w.org\/{rel}","templated":true}]}}